{"id":253,"date":"2023-01-24T14:58:44","date_gmt":"2023-01-24T14:58:44","guid":{"rendered":"https:\/\/www.matelas-posa.fr\/?page_id=253"},"modified":"2023-11-30T11:03:02","modified_gmt":"2023-11-30T11:03:02","slug":"garantie-posa","status":"publish","type":"page","link":"https:\/\/www.matelas-posa.fr\/?page_id=253","title":{"rendered":"Garantie Posa"},"content":{"rendered":"<p>[et_pb_section fb_built=\u00a0\u00bb1&Prime; _builder_version=\u00a0\u00bb4.20.0&Prime; _module_preset=\u00a0\u00bbdefault\u00a0\u00bb background_image=\u00a0\u00bbhttps:\/\/www.matelas-posa.fr\/wp-content\/uploads\/2022\/11\/fond_site_HD-1-scaled.jpg\u00a0\u00bb parallax=\u00a0\u00bbon\u00a0\u00bb global_colors_info=\u00a0\u00bb{}\u00a0\u00bb][et_pb_row _builder_version=\u00a0\u00bb4.23.1&Prime; _module_preset=\u00a0\u00bbdefault\u00a0\u00bb][et_pb_column _builder_version=\u00a0\u00bb4.23.1&Prime; _module_preset=\u00a0\u00bbdefault\u00a0\u00bb type=\u00a0\u00bb4_4&Prime;][et_pb_text _builder_version=\u00a0\u00bb4.23.1&Prime; _module_preset=\u00a0\u00bbdefault\u00a0\u00bb hover_enabled=\u00a0\u00bb0&Prime; sticky_enabled=\u00a0\u00bb0&Prime;]<\/p>\n<h5 style=\"text-align: center;\">Toute l&rsquo;\u00e9quipe P\u00f2sa vous remercie de votre achat et si vous avez quelques minutes, nous vous serions tr\u00e8s reconnaissants de laisser un avis sur Google.<\/h5>\n<h5 style=\"text-align: center;\">Votre avis est pr\u00e9cieux pour nous, car il nous permet d\u2019am\u00e9liorer nos produits et services en fonction des besoins de nos clients.<\/h5>\n<p>[\/et_pb_text][et_pb_button button_text=\u00a0\u00bbLaisser un avis sur Google\u00a0\u00bb _builder_version=\u00a0\u00bb4.23.1&Prime; _module_preset=\u00a0\u00bbdefault\u00a0\u00bb button_url=\u00a0\u00bbhttps:\/\/g.page\/r\/CX5m8dGq-dAXEBM\/review\u00a0\u00bb url_new_window=\u00a0\u00bbon\u00a0\u00bb hover_enabled=\u00a0\u00bb0&Prime; sticky_enabled=\u00a0\u00bb0&Prime; button_alignment=\u00a0\u00bbcenter\u00a0\u00bb][\/et_pb_button][\/et_pb_column][\/et_pb_row][et_pb_row column_structure=\u00a0\u00bb1_2,1_2&Prime; _builder_version=\u00a0\u00bb4.20.0&Prime; _module_preset=\u00a0\u00bbdefault\u00a0\u00bb max_width=\u00a0\u00bb2560px\u00a0\u00bb global_colors_info=\u00a0\u00bb{}\u00a0\u00bb][et_pb_column type=\u00a0\u00bb1_2&Prime; _builder_version=\u00a0\u00bb4.20.0&Prime; _module_preset=\u00a0\u00bbdefault\u00a0\u00bb global_colors_info=\u00a0\u00bb{}\u00a0\u00bb][et_pb_text _builder_version=\u00a0\u00bb4.20.0&Prime; _module_preset=\u00a0\u00bbdefault\u00a0\u00bb header_font=\u00a0\u00bbAguafina Script||||||||\u00a0\u00bb header_font_size=\u00a0\u00bb50px\u00a0\u00bb custom_margin=\u00a0\u00bb||-2px|||\u00a0\u00bb global_colors_info=\u00a0\u00bb{}\u00a0\u00bb]<\/p>\n<h1>Garantie Matelas Posa<\/h1>\n<p>[\/et_pb_text][et_pb_text _builder_version=\u00a0\u00bb4.22.2&Prime; _module_preset=\u00a0\u00bbdefault\u00a0\u00bb custom_margin=\u00a0\u00bb||-1px|||\u00a0\u00bb global_colors_info=\u00a0\u00bb{}\u00a0\u00bb]<\/p>\n<h2>Validation de votre garantie 10 ans pour votre matelas<\/h2>\n<p>[\/et_pb_text][et_pb_text _builder_version=\u00a0\u00bb4.22.2&Prime; _module_preset=\u00a0\u00bbdefault\u00a0\u00bb custom_margin=\u00a0\u00bb||7px|||\u00a0\u00bb global_colors_info=\u00a0\u00bb{}\u00a0\u00bb]<\/p>\n<p>Pour toutes les personnes qui ont achet\u00e9 leur matelas en dehors du site <a href=\"http:\/\/www.matelas-posa.fr,\">www.matelas-posa.fr,<\/a> merci de compl\u00e9ter le formulaire juste en dessous pour valider votre garantie 10 ans sur votre matelas de la marque P\u00f2sa.<\/p>\n<p>Pour les packs Luxe et Prestige, l&rsquo;extension de garantie est valid\u00e9e avec le m\u00eame formulaire.<\/p>\n<p>[\/et_pb_text][wpforms_selector form_id=\u00a0\u00bb242670&Prime; _builder_version=\u00a0\u00bb4.22.2&Prime; _module_preset=\u00a0\u00bbdefault\u00a0\u00bb custom_margin=\u00a0\u00bb||-1px|||\u00a0\u00bb global_colors_info=\u00a0\u00bb{}\u00a0\u00bb][\/wpforms_selector][et_pb_image src=\u00a0\u00bbhttps:\/\/www.matelas-posa.fr\/wp-content\/uploads\/2023\/07\/Matelas_LUNA_COUPE_couches-1.png\u00a0\u00bb title_text=\u00a0\u00bbMatelas_LUNA_COUPE_couches\u00a0\u00bb _builder_version=\u00a0\u00bb4.22.2&Prime; _module_preset=\u00a0\u00bbdefault\u00a0\u00bb global_colors_info=\u00a0\u00bb{}\u00a0\u00bb][\/et_pb_image][\/et_pb_column][et_pb_column type=\u00a0\u00bb1_2&Prime; _builder_version=\u00a0\u00bb4.20.0&Prime; _module_preset=\u00a0\u00bbdefault\u00a0\u00bb global_colors_info=\u00a0\u00bb{}\u00a0\u00bb][et_pb_text _builder_version=\u00a0\u00bb4.20.0&Prime; _module_preset=\u00a0\u00bbdefault\u00a0\u00bb header_font=\u00a0\u00bbAguafina Script||||||||\u00a0\u00bb header_font_size=\u00a0\u00bb50px\u00a0\u00bb custom_margin=\u00a0\u00bb||-2px|||\u00a0\u00bb global_colors_info=\u00a0\u00bb{}\u00a0\u00bb]<\/p>\n<h1>Garantie Oreiller Posa<\/h1>\n<p>[\/et_pb_text][et_pb_text _builder_version=\u00a0\u00bb4.20.2&Prime; _module_preset=\u00a0\u00bbdefault\u00a0\u00bb custom_margin=\u00a0\u00bb||-1px|||\u00a0\u00bb global_colors_info=\u00a0\u00bb{}\u00a0\u00bb]<\/p>\n<h2>Extension de garantie pour les oreillers offerte !<\/h2>\n<p>[\/et_pb_text][et_pb_text _builder_version=\u00a0\u00bb4.22.2&Prime; _module_preset=\u00a0\u00bbdefault\u00a0\u00bb custom_margin=\u00a0\u00bb||7px|||\u00a0\u00bb global_colors_info=\u00a0\u00bb{}\u00a0\u00bb]<\/p>\n<p>Pour toutes les personnes ayant achet\u00e9 son oreiller en dehors du site www.matelas-posa.fr, merci de compl\u00e9ter le formulaire juste en dessous pour recevoir votre garantie suppl\u00e9mentaire sur votre oreiller de la gamme POSA.<\/p>\n<p>[\/et_pb_text][wpforms_selector form_id=\u00a0\u00bb1829&Prime; _builder_version=\u00a0\u00bb4.20.2&Prime; _module_preset=\u00a0\u00bbdefault\u00a0\u00bb custom_margin=\u00a0\u00bb||-1px|||\u00a0\u00bb global_colors_info=\u00a0\u00bb{}\u00a0\u00bb][\/wpforms_selector][et_pb_image src=\u00a0\u00bbhttps:\/\/www.matelas-posa.fr\/wp-content\/uploads\/2023\/01\/oreillerboite-POSA.png\u00a0\u00bb title_text=\u00a0\u00bboreiller+bo\u00eete-POSA\u00a0\u00bb _builder_version=\u00a0\u00bb4.20.0&Prime; _module_preset=\u00a0\u00bbdefault\u00a0\u00bb custom_margin=\u00a0\u00bb0px|||||\u00a0\u00bb global_colors_info=\u00a0\u00bb{}\u00a0\u00bb][\/et_pb_image][et_pb_text _builder_version=\u00a0\u00bb4.21.0&Prime; _module_preset=\u00a0\u00bbdefault\u00a0\u00bb global_colors_info=\u00a0\u00bb{}\u00a0\u00bb]<\/p>\n<p><span style=\"font-weight: 400; color: #ff0000;\">Nous sommes en train de r\u00e9gler un probl\u00e8me technique sur l&rsquo;envoi de la garantie suppl\u00e9mentaire mais nous tenons \u00e0 vous rassurer, toutes les demandes nous parviennent et la garantie suppl\u00e9mentaire est bien enregistr\u00e9e apr\u00e8s l&rsquo;envoi de votre mail.<\/span><\/p>\n<p><span style=\"font-weight: 400;\">Veuillez nous excuser de ce d\u00e9rangement qui sera r\u00e9gl\u00e9 au plus vite.<\/span><\/p>\n<p>[\/et_pb_text][\/et_pb_column][\/et_pb_row][\/et_pb_section]<\/p>\n","protected":false},"excerpt":{"rendered":"<p>Toute l&rsquo;\u00e9quipe P\u00f2sa vous remercie de votre achat et si vous avez quelques minutes, nous vous serions tr\u00e8s reconnaissants de laisser un avis sur Google. Votre avis est pr\u00e9cieux pour nous, car il nous permet d\u2019am\u00e9liorer nos produits et services en fonction des besoins de nos clients.Garantie Matelas PosaValidation de votre garantie 10 ans pour [&hellip;]<\/p>\n","protected":false},"author":1,"featured_media":0,"parent":0,"menu_order":0,"comment_status":"closed","ping_status":"closed","template":"","meta":{"_et_pb_use_builder":"on","_et_pb_old_content":"","_et_gb_content_width":"","footnotes":""},"class_list":["post-253","page","type-page","status-publish","hentry"],"_links":{"self":[{"href":"https:\/\/www.matelas-posa.fr\/index.php?rest_route=\/wp\/v2\/pages\/253","targetHints":{"allow":["GET"]}}],"collection":[{"href":"https:\/\/www.matelas-posa.fr\/index.php?rest_route=\/wp\/v2\/pages"}],"about":[{"href":"https:\/\/www.matelas-posa.fr\/index.php?rest_route=\/wp\/v2\/types\/page"}],"author":[{"embeddable":true,"href":"https:\/\/www.matelas-posa.fr\/index.php?rest_route=\/wp\/v2\/users\/1"}],"replies":[{"embeddable":true,"href":"https:\/\/www.matelas-posa.fr\/index.php?rest_route=%2Fwp%2Fv2%2Fcomments&post=253"}],"version-history":[{"count":13,"href":"https:\/\/www.matelas-posa.fr\/index.php?rest_route=\/wp\/v2\/pages\/253\/revisions"}],"predecessor-version":[{"id":242798,"href":"https:\/\/www.matelas-posa.fr\/index.php?rest_route=\/wp\/v2\/pages\/253\/revisions\/242798"}],"wp:attachment":[{"href":"https:\/\/www.matelas-posa.fr\/index.php?rest_route=%2Fwp%2Fv2%2Fmedia&parent=253"}],"curies":[{"name":"wp","href":"https:\/\/api.w.org\/{rel}","templated":true}]}}

<p>[et_pb_section fb_built= »1&Prime; _builder_version= »4.20.0&Prime; _module_preset= »default » background_image= »https://www.matelas-posa.fr/wp-content/uploads/2022/11/fond_site_HD-1-scaled.jpg » parallax= »on » global_colors_info= »{} »][et_pb_row _builder_version= »4.23.1&Prime; _module_preset= »default »][et_pb_column _builder_version= »4.23.1&Prime; _module_preset= »default » type= »4_4&Prime;][et_pb_text _builder_version= »4.23.1&Prime; _module_preset= »default » hover_enabled= »0&Prime; sticky_enabled= »0&Prime;]</p>
<h5 style="text-align: center;">Toute l&rsquo;équipe Pòsa vous remercie de votre achat et si vous avez quelques minutes, nous vous serions très reconnaissants de laisser un avis sur Google.</h5>
<h5 style="text-align: center;">Votre avis est précieux pour nous, car il nous permet d’améliorer nos produits et services en fonction des besoins de nos clients.</h5>
<p>[/et_pb_text][et_pb_button button_text= »Laisser un avis sur Google » _builder_version= »4.23.1&Prime; _module_preset= »default » button_url= »https://g.page/r/CX5m8dGq-dAXEBM/review » url_new_window= »on » hover_enabled= »0&Prime; sticky_enabled= »0&Prime; button_alignment= »center »][/et_pb_button][/et_pb_column][/et_pb_row][et_pb_row column_structure= »1_2,1_2&Prime; _builder_version= »4.20.0&Prime; _module_preset= »default » max_width= »2560px » global_colors_info= »{} »][et_pb_column type= »1_2&Prime; _builder_version= »4.20.0&Prime; _module_preset= »default » global_colors_info= »{} »][et_pb_text _builder_version= »4.20.0&Prime; _module_preset= »default » header_font= »Aguafina Script|||||||| » header_font_size= »50px » custom_margin= »||-2px||| » global_colors_info= »{} »]</p>
<h1>Garantie Matelas Posa</h1>
<p>[/et_pb_text][et_pb_text _builder_version= »4.22.2&Prime; _module_preset= »default » custom_margin= »||-1px||| » global_colors_info= »{} »]</p>
<h2>Validation de votre garantie 10 ans pour votre matelas</h2>
<p>[/et_pb_text][et_pb_text _builder_version= »4.22.2&Prime; _module_preset= »default » custom_margin= »||7px||| » global_colors_info= »{} »]</p>
<p>Pour toutes les personnes qui ont acheté leur matelas en dehors du site <a href="http://www.matelas-posa.fr,">www.matelas-posa.fr,</a> merci de compléter le formulaire juste en dessous pour valider votre garantie 10 ans sur votre matelas de la marque Pòsa.</p>
<p>Pour les packs Luxe et Prestige, l&rsquo;extension de garantie est validée avec le même formulaire.</p>
<p>[/et_pb_text][wpforms_selector form_id= »242670&Prime; _builder_version= »4.22.2&Prime; _module_preset= »default » custom_margin= »||-1px||| » global_colors_info= »{} »][/wpforms_selector][et_pb_image src= »https://www.matelas-posa.fr/wp-content/uploads/2023/07/Matelas_LUNA_COUPE_couches-1.png » title_text= »Matelas_LUNA_COUPE_couches » _builder_version= »4.22.2&Prime; _module_preset= »default » global_colors_info= »{} »][/et_pb_image][/et_pb_column][et_pb_column type= »1_2&Prime; _builder_version= »4.20.0&Prime; _module_preset= »default » global_colors_info= »{} »][et_pb_text _builder_version= »4.20.0&Prime; _module_preset= »default » header_font= »Aguafina Script|||||||| » header_font_size= »50px » custom_margin= »||-2px||| » global_colors_info= »{} »]</p>
<h1>Garantie Oreiller Posa</h1>
<p>[/et_pb_text][et_pb_text _builder_version= »4.20.2&Prime; _module_preset= »default » custom_margin= »||-1px||| » global_colors_info= »{} »]</p>
<h2>Extension de garantie pour les oreillers offerte !</h2>
<p>[/et_pb_text][et_pb_text _builder_version= »4.22.2&Prime; _module_preset= »default » custom_margin= »||7px||| » global_colors_info= »{} »]</p>
<p>Pour toutes les personnes ayant acheté son oreiller en dehors du site www.matelas-posa.fr, merci de compléter le formulaire juste en dessous pour recevoir votre garantie supplémentaire sur votre oreiller de la gamme POSA.</p>
<p>[/et_pb_text][wpforms_selector form_id= »1829&Prime; _builder_version= »4.20.2&Prime; _module_preset= »default » custom_margin= »||-1px||| » global_colors_info= »{} »][/wpforms_selector][et_pb_image src= »https://www.matelas-posa.fr/wp-content/uploads/2023/01/oreillerboite-POSA.png » title_text= »oreiller+boîte-POSA » _builder_version= »4.20.0&Prime; _module_preset= »default » custom_margin= »0px||||| » global_colors_info= »{} »][/et_pb_image][et_pb_text _builder_version= »4.21.0&Prime; _module_preset= »default » global_colors_info= »{} »]</p>
<p><span style="font-weight: 400; color: #ff0000;">Nous sommes en train de régler un problème technique sur l&rsquo;envoi de la garantie supplémentaire mais nous tenons à vous rassurer, toutes les demandes nous parviennent et la garantie supplémentaire est bien enregistrée après l&rsquo;envoi de votre mail.</span></p>
<p><span style="font-weight: 400;">Veuillez nous excuser de ce dérangement qui sera réglé au plus vite.</span></p>
<p>[/et_pb_text][/et_pb_column][/et_pb_row][/et_pb_section]</p>

<p>Toute l&rsquo;équipe Pòsa vous remercie de votre achat et si vous avez quelques minutes, nous vous serions très reconnaissants de laisser un avis sur Google. Votre avis est précieux pour nous, car il nous permet d’améliorer nos produits et services en fonction des besoins de nos clients.Garantie Matelas PosaValidation de votre garantie 10 ans pour [&hellip;]</p>
